 remainder when m is divided by a?
7
Let b(k) = k**3 + 10*k**2 - 15*k - 5. What is the remainder when b(-11) is divided by 16?
7
Suppose 0 = -19*o + 10*o - 2457. Calculate the remainder when 50 is divided by (o/84)/((2/8)/(-1)).
11
Suppose 5*v - 3*v = -3*u + 24, -5*v + 46 = 4*u. Let q = 6091 - 6074. Calculate the remainder when q is divided by v.
5
Let o(m) = -m**2 + 3*m - 7. Let l be o(4). Let i = l - -3. Let x = i - -23. What is the remainder when 44 is divided by x?
14
Suppose 4*s - 21 = -5*w, -2*s + s - w + 5 = 0. Calculate the remainder when 15 is divided by s.
3
Suppose 235 + 33 = 4*i. What is the remainder when i is divided by 5?
2
Let g be 3/((54/8)/9). Suppose x - 8 = -g. Calculate the remainder when x is divided by 3.
1
Suppose 0 = 6*k - 415 + 307. What is the remainder when 322 is divided by k?
16
Let t = -57 + 94. Let h = 107 - 101. Suppose 0 = -4*d + 4*x + 96, 4 = -h*d + 7*d + 4*x. What is the remainder when t is divided by d?
17
Let g(j) = -9 - 2*j + 4 - 7 + 5*j. What is the remainder when 22 is divided by g(7)?
4
Suppose 2*d + 1694 = 4*x, 6*x - 2122 = x + d. Suppose x + 121 = 13*k. What is the remainder when k is divided by 15?
12
Let r = 76 - 67. Suppose 4 + 20 = 4*w. Let y = w - -8. Calculate the remainder when y is divided by r.
5
Let h(b) be the first derivative of -1/2*b**2 + 5/4*b**4 + 1 + 1/3*b**3 + b. What is the remainder when h(1) is divided by 3?
0
Let f be 18/(-42) - 6/(-14). Calculate the remainder when 223/9 + ((-14)/(-63) - f) is divided by 13.
12
Let d = 53 - -176. Suppose -3*s + 194 = 2*i - 7*i, 5*i = -20. What is the remainder when d is divided by s?
55
Suppose -4*f + 16 = -2*k, 0 = 4*f + 14*k - 9*k - 44. Suppose 2*y + 3*p = p, 4*y = 4*p. Calculate the remainder when -1*(-9 - 2) - y is divided by f.
5
Let i(j) = 7 + 3*j**2 - 2 + j**3 - 2. Let f = 150 + -153. What is the remainder when 4 is divided by i(f)?
1
What is the remainder when -6 - ((-99)/(-6))/((-9)/198) is divided by 33?
27
Let a = -17 - -24. Suppose -3*z - 4*r + 53 = 0, 2*z - 2*r = -0*z + 12. Calculate the remainder when z is divided by a.
4
What is the remainder when 125 is divided by (-3)/(3/((-1)/(-2)*-86))?
39
Let z(i) = i**3 - 6*i**2 + 5*i - 8. Suppose 5*x - 3*k - 153 = 0, -2*x - 3*k - k = -82. Let f = -27 + x. What is the remainder when z(6) is divided by f?
4
Let u(b) = -9*b - 64. Suppose -z = -4*i - 43, z + 4*i - 9 - 10 = 0. Calculate the remainder when z is divided by u(-9).
14
Let p(t) = 14*t - 32. Calculate the remainder when p(14) is divided by 1*63*(-1)/3*-2.
38
Suppose -41*q - 492 = -47*q. Let m(g) = 12*g**2 - 4*g + 2. Calculate the remainder when q is divided by m(2).
40
Let v be 29/((-4)/3 - -1). Let j = 157 + v. Let w = 54 - 30. What is the remainder when j is divided by w?
22
Let r = -33 - -60. Let d = 29 - r. What is the remainder when (-34)/(3*d/(-6)) is divided by 12?
10
Suppose -2*u = -2*z + 26, -5*u - 5*z = 2 + 13. What is the remainder when (-101)/(-5) + 10/(-50) is divided by 22/u*20/(-5)?
9
Suppose 0 = 14*i - 12*i - 486. Suppose 12*w - 21*w + i = 0. What is the remainder when 132 is divided by w?
24
Suppose 11*x - 6*x - 10 = 0. Suppose -11*g + 4*n = -6*g - 323, x*g - n - 131 = 0. What is the remainder when g is divided by 37?
30
Suppose -2*n + 5*n + 5*h - 146 = 0, h - 4 = 0. Suppose 0 = -16*k + 13*k + n. What is the remainder when 52 is divided by k?
10
Suppose 2*c = -5*k - 823, 0 = 4*k - c + 970 - 309. Let u = 254 + k. Calculate the remainder when u is divided by 13.
11
Let w be (-3 + 2)*78/(-2). Let p = -23 + w. Calculate the remainder when (-12)/(-8)*122/3 is divided by p.
13
Let b = -421 + 496. What is the remainder when b is divided by 14?
5
Let p = -229 - -307. Calculate the remainder when p is divided by 20.
18
Suppose -249*s + 256*s = 203. What is the remainder when 112 is divided by s?
25
Suppose -5*k + 72 + 33 = 2*o, -3*o + 110 = -2*k. What is the remainder when 758 is divided by o?
38
Let a = -387 - -452. What is the remainder when 194 is divided by a?
64
Suppose -26*t + 25*t = -43. What is the remainder when 84 is divided by t?
41
Let t = -2715 + 2745. Calculate the remainder when 32 is divided by t.
2
Suppose -3*f = 2*f + 30. Let b be (f/(-4) + -1)*10. Suppose -4*i = i - b*q - 55, 0 = -5*q - 5. Calculate the remainder when 38 is divided by i.
8
Let f(c) = -c + 9. Let b be f(13). Let q be b/((-8)/(-1))*0. Suppose 4*p + q*p - 12 = 0. What is the remainder when 7 is divided by p?
1
Let w(h) = -15*h - 112. Calculate the remainder when w(-9) is divided by 6.
5
Let q(s) = s - 2*s**2 - 4*s + 2*s + 5 + 38*s**2. What is the remainder when q(2) is divided by 37?
36
Suppose 1117*w = 1115*w + 102. Calculate the remainder when w is divided by 21.
9
Suppose -l + 2 = -2*l. Let s(g) = -2*g - 1. Let b be s(l). Suppose 1 + 62 = b*c. Calculate the remainder when 39 is divided by c.
18
Let h(a) = 5*a + 0*a + 17 + 9 - 1. Calculate the remainder when h(9) is divided by 18.
16
Let x be ((-3)/3)/((-1)/2). Suppose -2*y + b + x + 7 = 0, 3*y - 19 = -4*b. Let v = 4 + -2. What is the remainder when y is divided by v?
1
Suppose -5*p + 3 + 42 = 0. Suppose 0 = 4*w - w + p. Let v(z) = -3*z**3 - 3*z**2 + 2*z - 2. What is the remainder when v(w) is divided by 24?
22
Let b = 117 + -52. Suppose -15 = -2*u - 17. What is the remainder when b is divided by (13 - 14)/(u/22)?
21
What is the remainder when -26*(-168)/(-16)*(-2)/(-18)*-3 is divided by (-4)/(-6)*423/6?
44
Let m = 57 - 38. Calculate the remainder when m is divided by (-189)/(-18)*2/3.
5
Let f(z) = 5*z - 4. Let n be f(-6). Let x = -12 - n. What is the remainder when 107 is divided by x?
19
Let n be ((-6)/9)/(3/(-9)). Suppose o = -5*x + 47, -4*o + 176 = n*x + 42. Calculate the remainder when o is divided by 2/(-7) - 121/(-7).
15
Suppose 2*p + 2*f = 36, -f = 5*p - 43 - 31. Let h(n) = -n**2 + 12*n + 6. Calculate the remainder when h(5) is divided by p.
13
Suppose -6 + 36 = 2*w. Suppose 6 = 7*y - 8*y. What is the remainder when y/w - 22/(-5) is divided by 3?
1
Suppose -s + 3 = -49*g + 45*g, -9 = -2*s + 5*g. Let w(c) = 19*c**2 - c + 1. What is the remainder when w(1) is divided by s?
5
What is the remainder when 149 is divided by 17 + (8 - 3) + 3?
24
Let x = 74 - 23. Suppose 0*y - 5*j = 4*y - 105, -5*y + 95 = -j. What is the remainder when x is divided by y?
11
Suppose o - 12 = -5*j, -5*j = -o - 2 - 6. Suppose -y = o*y - 75. Let v(n) = -9*n + 2. What is the remainder when v(-5) is divided by y?
22
Suppose -2336 = -47*o + 484. What is the remainder when 171 is divided by o?
51
Suppose -4*r - 6*k + 4*k - 310 = 0, 2*r + 4*k = -164. Let c = -27 - r. Let l = -20 + c. What is the remainder when l is divided by 16?
13
Suppose -5*m = 4*b - 5*b - 524, 0 = -4*b + 4. Suppose -i + m = 3*c + 2*i, -5*c + 139 = -4*i. What is the remainder when 60 is divided by c?
29
Let i = -65 - -83. What is the remainder when 280/72 - (-2)/i is divided by 3?
1
Let l(y) = 2*y - 10. Let w be l(9). Suppose -2*c = 34*c - 360. Calculate the remainder when 138/w + (-2)/8 is divided by c.
7
Suppose l - 14 - 72 = 0. Let b(q) = q**3 + 20*q**2 + 53*q + 34. Let i be b(-17). Suppose i*z = z - l. What is the remainder when z is divided by 29?
28
Suppose 309 - 105 = 6*d. Suppose -3*i - 3*c - c + 29 = 0, 0 = 4*i - 4*c - 76. What is the remainder when d is divided by i?
4
Suppose -6*q + 8 = h - 11*q, -4*q = -3*h + 35. What is the remainder when 48 is divided by h?
9
Suppose -31 = -4*y - 5*b, 5*y - b - 11 - 6 = 0. Let r = 26 - y. Calculate the remainder when r is divided by 14.
8
Suppose 26*p - 27*p = 25. What is the remainder when 150 is divided by 7*5 - (p + 22)?
36
Suppose r = 3*j - 41, 0 = r - 3 + 8. Suppose 0 = 2*q - v - 41, -5*q - 10*v + 7*v + 108 = 0. Calculate the remainder when q is divided by j.
9
Suppose 22 = h - 2*f - 4, 5*f - 70 = -2*h. Let m = 24 - 24. Suppose 3*w - 40 - 8 = m. What is the remainder when h is divided by w?
14
Suppose 0 = -9*n + 10*n + 2*p + 104, 3*p - 507 = 5*n. Let q = n + 125. Calculate the remainder when 59 is divided by q.
13
Suppose 8 - 28 = 4*h, h + 25 = -x. Let m = x - -25. Calculate the remainder when 22 is divided by m.
2
Let d = -427 + 430. Let q(f) = 4*f**2. Suppose 5*c + 5 = -0*c. Calculate the remainder when q(c) is divided by d.
1
Let d be (-2)/9 - (-460)/45. What is the remainder when 37 is d